 10891
List the prime factors of 106646.
2, 53323
List the prime factors of 1887481.
37, 139, 367
List the prime factors of 385043.
23, 16741
What are the prime factors of 7082811?
3, 786979
List the prime factors of 518117.
41, 12637
What are the prime factors of 470962?
2, 181, 1301
List the prime factors of 643285.
5, 128657
List the prime factors of 461278.
2, 17, 13567
What are the prime factors of 79592?
2, 9949
What are the prime factors of 1107798?
2, 3, 184633
What are the prime factors of 104858?
2, 13, 37, 109
What are the prime factors of 11099245?
5, 2219849
List the prime factors of 1527871.
683, 2237
List the prime factors of 564042.
2, 3, 94007
What are the prime factors of 262509?
3, 13, 53, 127
List the prime factors of 63714.
2, 3, 7, 37, 41
What are the prime factors of 39438593?
47, 491, 1709
What are the prime factors of 4331599?
31, 139729
List the prime factors of 12741313.
13, 17, 57653
What are the prime factors of 995755?
5, 199151
What are the prime factors of 14514026?
2, 7257013
What are the prime factors of 2123705?
5, 23, 59, 313
List the prime factors of 59135.
5, 11827
List the prime factors of 777296.
2, 13, 37, 101
List the prime factors of 549816.
2, 3, 31, 739
List the prime factors of 5752503.
3, 639167
What are the prime factors of 12242?
2, 6121
List the prime factors of 15719800.
2, 5, 53, 1483
What are the prime factors of 12789806?
2, 313, 20431
What are the prime factors of 3539677?
23, 67, 2297
List the prime factors of 527018.
2, 101, 2609
List the prime factors of 6190771.
17, 53, 6871
List the prime factors of 854578.
2, 89, 4801
What are the prime factors of 5769591?
3, 1923197
What are the prime factors of 527825?
5, 43, 491
List the prime factors of 33031802.
2, 31, 532771
What are the prime factors of 8920815?
3, 5, 594721
What are the prime factors of 3222297?
3, 13, 27541
What are the prime factors of 1181733?
3, 7, 8039
What are the prime factors of 1513386?
2, 3, 7, 12011
What are the prime factors of 287779?
41, 7019
What are the prime factors of 10433294?
2, 2281, 2287
What are the prime factors of 6803647?
1117, 6091
What are the prime factors of 132600?
2, 3, 5, 13, 17
List the prime factors of 14061120.
2, 3, 5, 97, 151
What are the prime factors of 3234927?
3, 23, 173, 271
What are the prime factors of 360039?
3, 43, 2791
List the prime factors of 155028.
2, 3, 12919
What are the prime factors of 440422?
2, 41, 131
List the prime factors of 511515.
3, 5, 421
What are the prime factors of 3279589?
17, 192917
What are the prime factors of 832401?
3, 92489
List the prime factors of 303739.
17, 1051
What are the prime factors of 120068?
2, 13, 2309
What are the prime factors of 664747?
83, 8009
List the prime factors of 36633447.
3, 4070383
List the prime factors of 1989824.
2, 31091
List the prime factors of 981746.
2, 331, 1483
List the prime factors of 9867356.
2, 2466839
List the prime factors of 331603.
331603
List the prime factors of 21093497.
317, 66541
List the prime factors of 13438.
2, 6719
List the prime factors of 2750990.
2, 5, 11, 89, 281
What are the prime factors of 252204?
2, 3, 21017
What are the prime factors of 1232395?
5, 103, 2393
List the prime factors of 756023.
756023
What are the prime factors of 1420780?
2, 5, 71039
List the prime factors of 156190.
2, 5, 15619
List the prime factors of 7921586.
2, 1549, 2557
What are the prime factors of 464805?
3, 5, 11, 313
List the prime factors of 1344322.
2, 7, 131, 733
What are the prime factors of 12603200?
2, 5, 7877
What are the prime factors of 117023?
117023
List the prime factors of 2513837.
233, 10789
What are the prime factors of 755255?
5, 151051
List the prime factors of 28233.
3, 3137
What are the prime factors of 6087463?
6087463
List the prime factors of 1882815.
3, 5, 11, 11411
What are the prime factors of 1617095?
5, 323419
List the prime factors of 100903.
11, 9173
List the prime factors of 269808.
2, 3, 7, 11, 73
What are the prime factors of 2856103?
43, 127, 523
List the prime factors of 3462484.
2, 19, 29, 1571
What are the prime factors of 33568?
2, 1049
What are the prime factors of 3320264?
2, 181, 2293
What are the prime factors of 3494770?
2, 5, 349477
List the prime factors of 172783.
13, 13291
List the prime factors of 1574521.
13, 31, 3907
What are the prime factors of 109360?
2, 5, 1367
What are the prime factors of 1811386?
2, 905693
What are the prime factors of 430312?
2, 19, 149
List the prime factors of 5548953.
3, 17, 108803
List the prime factors of 161108.
2, 40277
List the prime factors of 905181.
3, 181, 1667
List the prime factors of 1737805.
5, 347561
What are the prime factors of 1119558?
2, 3, 11, 16963
What are the prime factors of 3369120?
2, 3, 5, 7019
List the prime factors of 16753061.
13, 1288697
List the prime factors of 6962607.
3, 19, 2143
What are the prime factors of 409609?
409609
What are the prime factors of 569998?
2, 11, 13, 1993
What are the prime factors of 2719458?
2, 3, 7, 113, 191
List the prime factors of 1060933.
179, 5927
List the prime factors of 347319.
3, 7, 37, 149
What are the prime factors of 9070080?
2, 3, 5, 1181
List the prime factors of 621106.
2, 310553
What are the prime factors of 1935515?
5, 521, 743
What are the prime factors of 497514?
2, 3, 283, 293
What are the prime factors of 2142306?
2, 3, 17, 7001
List the prime factors of 39143606.
2, 19571803
What are the prime factors of 2145?
3, 5, 11, 13
What are the prime factors of 112129?
112129
List the prime factors of 59424.
2, 3, 619
What are the prime factors of 512050?
2, 5, 7, 11, 19
What are the prime factors of 753960?
2, 3, 5, 61, 103
What are the prime factors of 4918185?
3, 5, 17, 2143
List the prime factors of 49378.
2, 7, 3527
List the prime factors of 2226521.
11, 18401
List the prime factors of 162242.
2, 23, 3527
List the prime factors of 760333.
7, 59, 263
List the prime factors of 647108.
2, 7, 11, 191
List the prime factors of 282538.
2, 141269
What are the prime factors of 8156783?
769, 10607
What are the prime factors of 2589227?
2589227
What are the prime factors of 102741?
3, 23, 1489
What are the prime factors of 1566540?
2, 3, 5, 967
List the prime factors of 735131.
17, 83, 521
List the prime factors of 2860613.
7, 408659
What are the prime factors of 1372326?
2, 3, 331, 691
List the prime factors of 96464.
2, 6029
What are the prime factors of 2920308?
2, 3, 163, 1493
List the prime factors of 37400560.
2, 5, 467507
What are the prime factors of 479744?
2, 937
List the prime factors of 768454.
2, 384227
List the prime factors of 1909805.
5, 23, 16607
What are the prime factors of 252605?
5, 19, 2659
List the prime factors of 317613.
3, 105871
List the prime factors of 1386310.
2, 5, 157, 883
What are the prime factors of 188151?
3, 59, 1063
List the prime factors of 25947455.
5, 5189491
What are the prime factors of 15013377?
3, 556051
List the prime factors of 1803444.
2, 3, 150287
List the prime factors of 451675.
5, 7, 29, 89
What are the prime factors of 572960?
2, 5, 3581
List the prime factors of 174280.
2, 5, 4357
What are the prime factors of 18184987?
313, 58099
What are the prime factors of 368993?
31, 11903
What are the prime factors of 412737?
3, 13, 19, 557
List the prime factors of 17559281.
23, 763447
List the prime factors of 1580158.
2, 73, 79, 137
List the prime factors of 2090869.
11, 67, 2837
List the prime factors of 2190593.
2190593
What are the prime factors of 63122?
2, 37, 853
What are the prime factors of 12413209?
12413209
List the prime factors of 1426037.
283, 5039
List the prime factors of 37847.
37847
List the prime factors of 1348001.
1348001
List the prime factors of 137683.
7, 13, 17, 89
List the prime factors of 33264280.
2, 5, 7, 118801
List the prime factors of 56523.
3, 83, 227
List the prime factors of 8580293.
167, 191, 269
What are the prime factors of 1648395?
3, 5, 7, 5233
List the prime factors of 183606.
2, 3, 71, 431
What are the prime factors of 1586483?
331, 4793
What are the prime factors of 156706?
2, 11, 17, 419
What are the prime factors of 6379945?
5, 11, 13, 8923
What are the prime factors of 62975?
5, 11, 229
What are the prime factors of 133057?
19, 47, 149
What are the prime factors of 54623?
54623
L